{"id":1199,"date":"2024-12-03T15:42:32","date_gmt":"2024-12-03T18:42:32","guid":{"rendered":"http:\/\/sinprocan.org.br\/?page_id=1199"},"modified":"2025-10-22T14:43:16","modified_gmt":"2025-10-22T17:43:16","slug":"bem-vindo-a-pousada-de-verao-do-sinprocan","status":"publish","type":"page","link":"https:\/\/sinprocan.org.br\/?page_id=1199","title":{"rendered":"Bem-vindo \u00e0 Pousada de Ver\u00e3o do SINPROCAN!"},"content":{"rendered":"\n<p>A Pousada de Ver\u00e3o do Sindicato dos Professores de Canoas (SINPROCAN) \u00e9 o ref\u00fagio perfeito para voc\u00ea e sua fam\u00edlia desfrutarem momentos tranquilos, revigorantes e inesquec\u00edveis durante as f\u00e9rias escolares. Pensada com carinho para nossos associados, a pousada oferece conforto, lazer e um ambiente acolhedor, ideal para recarregar as energias e criar mem\u00f3rias especiais.<\/p>\n\n\n\n<h4><strong>Estrutura e Conforto<\/strong><\/h4>\n\n\n\n<p>Localizada na Praia de Quint\u00e3o, no munic\u00edpio litor\u00e2neo de Palmares do Sul, nossa pousada conta com acomoda\u00e7\u00f5es completas e bem equipadas, proporcionando conforto e seguran\u00e7a. Cada detalhe foi estruturado para que sua estadia seja tranquila e relaxante, com op\u00e7\u00f5es de quartos atendem \u00e0s suas necessidades e da sua fam\u00edlia.<\/p>\n\n\n\n<p><strong>Fa\u00e7a sua Reserva<\/strong><\/p>\n\n\n\n<p>N\u00e3o perca tempo! As vagas para a Pousada de Ver\u00e3o s\u00e3o limitadas e exclusivas para associados do SINPROCAN. Garanta j\u00e1 seu lugar e prepare-se para viver dias incr\u00edveis.<\/p>\n\n\n\n<h4><strong>Entre em Contato<\/strong><\/h4>\n\n\n\n<p>Quer saber mais? Entre em contato conosco e tire suas d\u00favidas! Estamos prontos para atender voc\u00ea.<\/p>\n\n\n\n<div class=\"wp-block-file\"><object class=\"wp-block-file__embed\" data=\"http:\/\/sinprocan.org.br\/wp-content\/uploads\/2024\/12\/Normas-Pousada.pdf\" type=\"application\/pdf\" style=\"width:100%;height:200px\" aria-label=\"Incorporado de Normas-Pousada.\"><\/object><a id=\"wp-block-file--media-802fa4c5-5d35-4c88-a2ea-fdf3d2b9bb8a\" href=\"http:\/\/sinprocan.org.br\/wp-content\/uploads\/2024\/12\/Normas-Pousada.pdf\">Normas-Pousada<\/a><a href=\"http:\/\/sinprocan.org.br\/wp-content\/uploads\/2024\/12\/Normas-Pousada.pdf\" class=\"wp-block-file__button wp-element-button\" download aria-describedby=\"wp-block-file--media-802fa4c5-5d35-4c88-a2ea-fdf3d2b9bb8a\">Baixar<\/a><\/div>\n\n\n\n<figure class=\"is-layout-flex wp-block-gallery-1 wp-block-gallery has-nested-images columns-default is-cropped\">\n<figure class=\"wp-block-image size-large\"><img decoding=\"async\" loading=\"lazy\" width=\"769\" height=\"1024\" data-id=\"1201\"  src=\"http:\/\/sinprocan.org.br\/wp-content\/uploads\/2024\/12\/WhatsApp-Image-2024-12-03-at-15.20.26-1-769x1024.jpeg\" alt=\"\" class=\"wp-image-1201\" srcset=\"https:\/\/sinprocan.org.br\/wp-content\/uploads\/2024\/12\/WhatsApp-Image-2024-12-03-at-15.20.26-1-769x1024.jpeg 769w, https:\/\/sinprocan.org.br\/wp-content\/uploads\/2024\/12\/WhatsApp-Image-2024-12-03-at-15.20.26-1-225x300.jpeg 225w, https:\/\/sinprocan.org.br\/wp-content\/uploads\/2024\/12\/WhatsApp-Image-2024-12-03-at-15.20.26-1-768x1023.jpeg 768w, https:\/\/sinprocan.org.br\/wp-content\/uploads\/2024\/12\/WhatsApp-Image-2024-12-03-at-15.20.26-1-1153x1536.jpeg 1153w, https:\/\/sinprocan.org.br\/wp-content\/uploads\/2024\/12\/WhatsApp-Image-2024-12-03-at-15.20.26-1.jpeg 1201w\" sizes=\"(max-width: 769px) 100vw, 769px\" \/><\/figure>\n\n\n\n<figure class=\"wp-block-image size-large\"><img decoding=\"async\" loading=\"lazy\" width=\"769\" height=\"1024\" data-id=\"1200\"  src=\"http:\/\/sinprocan.org.br\/wp-content\/uploads\/2024\/12\/WhatsApp-Image-2024-12-03-at-15.20.26-769x1024.jpeg\" alt=\"\" class=\"wp-image-1200\" srcset=\"https:\/\/sinprocan.org.br\/wp-content\/uploads\/2024\/12\/WhatsApp-Image-2024-12-03-at-15.20.26-769x1024.jpeg 769w, https:\/\/sinprocan.org.br\/wp-content\/uploads\/2024\/12\/WhatsApp-Image-2024-12-03-at-15.20.26-225x300.jpeg 225w, https:\/\/sinprocan.org.br\/wp-content\/uploads\/2024\/12\/WhatsApp-Image-2024-12-03-at-15.20.26-768x1023.jpeg 768w, https:\/\/sinprocan.org.br\/wp-content\/uploads\/2024\/12\/WhatsApp-Image-2024-12-03-at-15.20.26-1153x1536.jpeg 1153w, https:\/\/sinprocan.org.br\/wp-content\/uploads\/2024\/12\/WhatsApp-Image-2024-12-03-at-15.20.26.jpeg 1201w\" sizes=\"(max-width: 769px) 100vw, 769px\" \/><\/figure>\n\n\n\n<figure class=\"wp-block-image size-large\"><img decoding=\"async\" loading=\"lazy\" width=\"769\" height=\"1024\" data-id=\"1204\"  src=\"http:\/\/sinprocan.org.br\/wp-content\/uploads\/2024\/12\/WhatsApp-Image-2024-12-03-at-15.20.42-1-769x1024.jpeg\" alt=\"\" class=\"wp-image-1204\" srcset=\"https:\/\/sinprocan.org.br\/wp-content\/uploads\/2024\/12\/WhatsApp-Image-2024-12-03-at-15.20.42-1-769x1024.jpeg 769w, https:\/\/sinprocan.org.br\/wp-content\/uploads\/2024\/12\/WhatsApp-Image-2024-12-03-at-15.20.42-1-225x300.jpeg 225w, https:\/\/sinprocan.org.br\/wp-content\/uploads\/2024\/12\/WhatsApp-Image-2024-12-03-at-15.20.42-1-768x1023.jpeg 768w, https:\/\/sinprocan.org.br\/wp-content\/uploads\/2024\/12\/WhatsApp-Image-2024-12-03-at-15.20.42-1-1153x1536.jpeg 1153w, https:\/\/sinprocan.org.br\/wp-content\/uploads\/2024\/12\/WhatsApp-Image-2024-12-03-at-15.20.42-1.jpeg 1201w\" sizes=\"(max-width: 769px) 100vw, 769px\" \/><\/figure>\n\n\n\n<figure class=\"wp-block-image size-large\"><img decoding=\"async\" loading=\"lazy\" width=\"769\" height=\"1024\" data-id=\"1203\"  src=\"http:\/\/sinprocan.org.br\/wp-content\/uploads\/2024\/12\/WhatsApp-Image-2024-12-03-at-15.20.42-769x1024.jpeg\" alt=\"\" class=\"wp-image-1203\" srcset=\"https:\/\/sinprocan.org.br\/wp-content\/uploads\/2024\/12\/WhatsApp-Image-2024-12-03-at-15.20.42-769x1024.jpeg 769w, https:\/\/sinprocan.org.br\/wp-content\/uploads\/2024\/12\/WhatsApp-Image-2024-12-03-at-15.20.42-225x300.jpeg 225w, https:\/\/sinprocan.org.br\/wp-content\/uploads\/2024\/12\/WhatsApp-Image-2024-12-03-at-15.20.42-768x1023.jpeg 768w, https:\/\/sinprocan.org.br\/wp-content\/uploads\/2024\/12\/WhatsApp-Image-2024-12-03-at-15.20.42-1153x1536.jpeg 1153w, https:\/\/sinprocan.org.br\/wp-content\/uploads\/2024\/12\/WhatsApp-Image-2024-12-03-at-15.20.42.jpeg 1201w\" sizes=\"(max-width: 769px) 100vw, 769px\" \/><\/figure>\n\n\n\n<figure class=\"wp-block-image size-large\"><img decoding=\"async\" loading=\"lazy\" width=\"769\" height=\"1024\" data-id=\"1205\"  src=\"http:\/\/sinprocan.org.br\/wp-content\/uploads\/2024\/12\/WhatsApp-Image-2024-12-03-at-15.20.43-1-769x1024.jpeg\" alt=\"\" class=\"wp-image-1205\" srcset=\"https:\/\/sinprocan.org.br\/wp-content\/uploads\/2024\/12\/WhatsApp-Image-2024-12-03-at-15.20.43-1-769x1024.jpeg 769w, https:\/\/sinprocan.org.br\/wp-content\/uploads\/2024\/12\/WhatsApp-Image-2024-12-03-at-15.20.43-1-225x300.jpeg 225w, https:\/\/sinprocan.org.br\/wp-content\/uploads\/2024\/12\/WhatsApp-Image-2024-12-03-at-15.20.43-1-768x1023.jpeg 768w, https:\/\/sinprocan.org.br\/wp-content\/uploads\/2024\/12\/WhatsApp-Image-2024-12-03-at-15.20.43-1-1153x1536.jpeg 1153w, https:\/\/sinprocan.org.br\/wp-content\/uploads\/2024\/12\/WhatsApp-Image-2024-12-03-at-15.20.43-1.jpeg 1201w\" sizes=\"(max-width: 769px) 100vw, 769px\" \/><\/figure>\n\n\n\n<figure class=\"wp-block-image size-large\"><img decoding=\"async\" loading=\"lazy\" width=\"576\" height=\"1024\" data-id=\"1202\"  src=\"http:\/\/sinprocan.org.br\/wp-content\/uploads\/2024\/12\/WhatsApp-Image-2024-12-03-at-15.20.43-576x1024.jpeg\" alt=\"\" class=\"wp-image-1202\" srcset=\"https:\/\/sinprocan.org.br\/wp-content\/uploads\/2024\/12\/WhatsApp-Image-2024-12-03-at-15.20.43-576x1024.jpeg 576w, https:\/\/sinprocan.org.br\/wp-content\/uploads\/2024\/12\/WhatsApp-Image-2024-12-03-at-15.20.43-169x300.jpeg 169w, https:\/\/sinprocan.org.br\/wp-content\/uploads\/2024\/12\/WhatsApp-Image-2024-12-03-at-15.20.43-768x1366.jpeg 768w, https:\/\/sinprocan.org.br\/wp-content\/uploads\/2024\/12\/WhatsApp-Image-2024-12-03-at-15.20.43-864x1536.jpeg 864w, https:\/\/sinprocan.org.br\/wp-content\/uploads\/2024\/12\/WhatsApp-Image-2024-12-03-at-15.20.43.jpeg 899w\" sizes=\"(max-width: 576px) 100vw, 576px\" \/><\/figure>\n\n\n\n<figure class=\"wp-block-image size-large\"><img decoding=\"async\" loading=\"lazy\" width=\"769\" height=\"1024\" data-id=\"1206\"  src=\"http:\/\/sinprocan.org.br\/wp-content\/uploads\/2024\/12\/WhatsApp-Image-2024-12-03-at-15.20.44-1-769x1024.jpeg\" alt=\"\" class=\"wp-image-1206\" srcset=\"https:\/\/sinprocan.org.br\/wp-content\/uploads\/2024\/12\/WhatsApp-Image-2024-12-03-at-15.20.44-1-769x1024.jpeg 769w, https:\/\/sinprocan.org.br\/wp-content\/uploads\/2024\/12\/WhatsApp-Image-2024-12-03-at-15.20.44-1-225x300.jpeg 225w, https:\/\/sinprocan.org.br\/wp-content\/uploads\/2024\/12\/WhatsApp-Image-2024-12-03-at-15.20.44-1-768x1023.jpeg 768w, https:\/\/sinprocan.org.br\/wp-content\/uploads\/2024\/12\/WhatsApp-Image-2024-12-03-at-15.20.44-1-1153x1536.jpeg 1153w, https:\/\/sinprocan.org.br\/wp-content\/uploads\/2024\/12\/WhatsApp-Image-2024-12-03-at-15.20.44-1.jpeg 1201w\" sizes=\"(max-width: 769px) 100vw, 769px\" \/><\/figure>\n\n\n\n<figure class=\"wp-block-image size-large\"><img decoding=\"async\" loading=\"lazy\" width=\"769\" height=\"1024\" data-id=\"1207\"  src=\"http:\/\/sinprocan.org.br\/wp-content\/uploads\/2024\/12\/WhatsApp-Image-2024-12-03-at-15.20.44-2-769x1024.jpeg\" alt=\"\" class=\"wp-image-1207\" srcset=\"https:\/\/sinprocan.org.br\/wp-content\/uploads\/2024\/12\/WhatsApp-Image-2024-12-03-at-15.20.44-2-769x1024.jpeg 769w, https:\/\/sinprocan.org.br\/wp-content\/uploads\/2024\/12\/WhatsApp-Image-2024-12-03-at-15.20.44-2-225x300.jpeg 225w, https:\/\/sinprocan.org.br\/wp-content\/uploads\/2024\/12\/WhatsApp-Image-2024-12-03-at-15.20.44-2-768x1023.jpeg 768w, https:\/\/sinprocan.org.br\/wp-content\/uploads\/2024\/12\/WhatsApp-Image-2024-12-03-at-15.20.44-2-1153x1536.jpeg 1153w, https:\/\/sinprocan.org.br\/wp-content\/uploads\/2024\/12\/WhatsApp-Image-2024-12-03-at-15.20.44-2.jpeg 1201w\" sizes=\"(max-width: 769px) 100vw, 769px\" \/><\/figure>\n\n\n\n<figure class=\"wp-block-image size-large\"><img decoding=\"async\" loading=\"lazy\" width=\"1024\" height=\"576\" data-id=\"1209\"  src=\"http:\/\/sinprocan.org.br\/wp-content\/uploads\/2024\/12\/WhatsApp-Image-2024-12-03-at-15.20.44-1024x576.jpeg\" alt=\"\" class=\"wp-image-1209\" srcset=\"https:\/\/sinprocan.org.br\/wp-content\/uploads\/2024\/12\/WhatsApp-Image-2024-12-03-at-15.20.44-1024x576.jpeg 1024w, https:\/\/sinprocan.org.br\/wp-content\/uploads\/2024\/12\/WhatsApp-Image-2024-12-03-at-15.20.44-300x169.jpeg 300w, https:\/\/sinprocan.org.br\/wp-content\/uploads\/2024\/12\/WhatsApp-Image-2024-12-03-at-15.20.44-768x432.jpeg 768w, https:\/\/sinprocan.org.br\/wp-content\/uploads\/2024\/12\/WhatsApp-Image-2024-12-03-at-15.20.44-1536x864.jpeg 1536w, https:\/\/sinprocan.org.br\/wp-content\/uploads\/2024\/12\/WhatsApp-Image-2024-12-03-at-15.20.44.jpeg 1599w\" sizes=\"(max-width: 1024px) 100vw, 1024px\" \/><\/figure>\n\n\n\n<figure class=\"wp-block-image size-large\"><img decoding=\"async\" loading=\"lazy\" width=\"769\" height=\"1024\" data-id=\"1208\"  src=\"http:\/\/sinprocan.org.br\/wp-content\/uploads\/2024\/12\/WhatsApp-Image-2024-12-03-at-15.20.45-1-769x1024.jpeg\" alt=\"\" class=\"wp-image-1208\" srcset=\"https:\/\/sinprocan.org.br\/wp-content\/uploads\/2024\/12\/WhatsApp-Image-2024-12-03-at-15.20.45-1-769x1024.jpeg 769w, https:\/\/sinprocan.org.br\/wp-content\/uploads\/2024\/12\/WhatsApp-Image-2024-12-03-at-15.20.45-1-225x300.jpeg 225w, https:\/\/sinprocan.org.br\/wp-content\/uploads\/2024\/12\/WhatsApp-Image-2024-12-03-at-15.20.45-1-768x1023.jpeg 768w, https:\/\/sinprocan.org.br\/wp-content\/uploads\/2024\/12\/WhatsApp-Image-2024-12-03-at-15.20.45-1-1153x1536.jpeg 1153w, https:\/\/sinprocan.org.br\/wp-content\/uploads\/2024\/12\/WhatsApp-Image-2024-12-03-at-15.20.45-1.jpeg 1201w\" sizes=\"(max-width: 769px) 100vw, 769px\" \/><\/figure>\n\n\n\n<figure class=\"wp-block-image size-large\"><img decoding=\"async\" loading=\"lazy\" width=\"769\" height=\"1024\" data-id=\"1210\"  src=\"http:\/\/sinprocan.org.br\/wp-content\/uploads\/2024\/12\/WhatsApp-Image-2024-12-03-at-15.20.45-769x1024.jpeg\" alt=\"\" class=\"wp-image-1210\" srcset=\"https:\/\/sinprocan.org.br\/wp-content\/uploads\/2024\/12\/WhatsApp-Image-2024-12-03-at-15.20.45-769x1024.jpeg 769w, https:\/\/sinprocan.org.br\/wp-content\/uploads\/2024\/12\/WhatsApp-Image-2024-12-03-at-15.20.45-225x300.jpeg 225w, https:\/\/sinprocan.org.br\/wp-content\/uploads\/2024\/12\/WhatsApp-Image-2024-12-03-at-15.20.45-768x1023.jpeg 768w, https:\/\/sinprocan.org.br\/wp-content\/uploads\/2024\/12\/WhatsApp-Image-2024-12-03-at-15.20.45-1153x1536.jpeg 1153w, https:\/\/sinprocan.org.br\/wp-content\/uploads\/2024\/12\/WhatsApp-Image-2024-12-03-at-15.20.45.jpeg 1201w\" sizes=\"(max-width: 769px) 100vw, 769px\" \/><\/figure>\n\n\n\n<figure class=\"wp-block-image size-large\"><img decoding=\"async\" loading=\"lazy\" width=\"769\" height=\"1024\" data-id=\"1211\"  src=\"http:\/\/sinprocan.org.br\/wp-content\/uploads\/2024\/12\/WhatsApp-Image-2024-12-03-at-15.20.46-1-769x1024.jpeg\" alt=\"\" class=\"wp-image-1211\" srcset=\"https:\/\/sinprocan.org.br\/wp-content\/uploads\/2024\/12\/WhatsApp-Image-2024-12-03-at-15.20.46-1-769x1024.jpeg 769w, https:\/\/sinprocan.org.br\/wp-content\/uploads\/2024\/12\/WhatsApp-Image-2024-12-03-at-15.20.46-1-225x300.jpeg 225w, https:\/\/sinprocan.org.br\/wp-content\/uploads\/2024\/12\/WhatsApp-Image-2024-12-03-at-15.20.46-1-768x1023.jpeg 768w, https:\/\/sinprocan.org.br\/wp-content\/uploads\/2024\/12\/WhatsApp-Image-2024-12-03-at-15.20.46-1-1153x1536.jpeg 1153w, https:\/\/sinprocan.org.br\/wp-content\/uploads\/2024\/12\/WhatsApp-Image-2024-12-03-at-15.20.46-1.jpeg 1201w\" sizes=\"(max-width: 769px) 100vw, 769px\" \/><\/figure>\n\n\n\n<figure class=\"wp-block-image size-large\"><img decoding=\"async\" loading=\"lazy\" width=\"769\" height=\"1024\" data-id=\"1212\"  src=\"http:\/\/sinprocan.org.br\/wp-content\/uploads\/2024\/12\/WhatsApp-Image-2024-12-03-at-15.20.46-769x1024.jpeg\" alt=\"\" class=\"wp-image-1212\" srcset=\"https:\/\/sinprocan.org.br\/wp-content\/uploads\/2024\/12\/WhatsApp-Image-2024-12-03-at-15.20.46-769x1024.jpeg 769w, https:\/\/sinprocan.org.br\/wp-content\/uploads\/2024\/12\/WhatsApp-Image-2024-12-03-at-15.20.46-225x300.jpeg 225w, https:\/\/sinprocan.org.br\/wp-content\/uploads\/2024\/12\/WhatsApp-Image-2024-12-03-at-15.20.46-768x1023.jpeg 768w, https:\/\/sinprocan.org.br\/wp-content\/uploads\/2024\/12\/WhatsApp-Image-2024-12-03-at-15.20.46-1153x1536.jpeg 1153w, https:\/\/sinprocan.org.br\/wp-content\/uploads\/2024\/12\/WhatsApp-Image-2024-12-03-at-15.20.46.jpeg 1201w\" sizes=\"(max-width: 769px) 100vw, 769px\" \/><\/figure>\n\n\n\n<figure class=\"wp-block-image size-large\"><img decoding=\"async\" loading=\"lazy\" width=\"1024\" height=\"1024\" data-id=\"1213\"  src=\"http:\/\/sinprocan.org.br\/wp-content\/uploads\/2024\/12\/WhatsApp-Image-2024-12-03-at-15.20.47-1-1024x1024.jpeg\" alt=\"\" class=\"wp-image-1213\" srcset=\"https:\/\/sinprocan.org.br\/wp-content\/uploads\/2024\/12\/WhatsApp-Image-2024-12-03-at-15.20.47-1-1024x1024.jpeg 1024w, https:\/\/sinprocan.org.br\/wp-content\/uploads\/2024\/12\/WhatsApp-Image-2024-12-03-at-15.20.47-1-300x300.jpeg 300w, https:\/\/sinprocan.org.br\/wp-content\/uploads\/2024\/12\/WhatsApp-Image-2024-12-03-at-15.20.47-1-150x150.jpeg 150w, https:\/\/sinprocan.org.br\/wp-content\/uploads\/2024\/12\/WhatsApp-Image-2024-12-03-at-15.20.47-1-768x768.jpeg 768w, https:\/\/sinprocan.org.br\/wp-content\/uploads\/2024\/12\/WhatsApp-Image-2024-12-03-at-15.20.47-1.jpeg 1080w\" sizes=\"(max-width: 1024px) 100vw, 1024px\" \/><\/figure>\n\n\n\n<figure class=\"wp-block-image size-large\"><img decoding=\"async\" loading=\"lazy\" width=\"1024\" height=\"1024\" data-id=\"1214\"  src=\"http:\/\/sinprocan.org.br\/wp-content\/uploads\/2024\/12\/WhatsApp-Image-2024-12-03-at-15.20.47-2-1024x1024.jpeg\" alt=\"\" class=\"wp-image-1214\" srcset=\"https:\/\/sinprocan.org.br\/wp-content\/uploads\/2024\/12\/WhatsApp-Image-2024-12-03-at-15.20.47-2-1024x1024.jpeg 1024w, https:\/\/sinprocan.org.br\/wp-content\/uploads\/2024\/12\/WhatsApp-Image-2024-12-03-at-15.20.47-2-300x300.jpeg 300w, https:\/\/sinprocan.org.br\/wp-content\/uploads\/2024\/12\/WhatsApp-Image-2024-12-03-at-15.20.47-2-150x150.jpeg 150w, https:\/\/sinprocan.org.br\/wp-content\/uploads\/2024\/12\/WhatsApp-Image-2024-12-03-at-15.20.47-2-768x768.jpeg 768w, https:\/\/sinprocan.org.br\/wp-content\/uploads\/2024\/12\/WhatsApp-Image-2024-12-03-at-15.20.47-2.jpeg 1080w\" sizes=\"(max-width: 1024px) 100vw, 1024px\" \/><\/figure>\n\n\n\n<figure class=\"wp-block-image size-large\"><img decoding=\"async\" loading=\"lazy\" width=\"1024\" height=\"1024\" data-id=\"1215\"  src=\"http:\/\/sinprocan.org.br\/wp-content\/uploads\/2024\/12\/WhatsApp-Image-2024-12-03-at-15.20.47-1024x1024.jpeg\" alt=\"\" class=\"wp-image-1215\" srcset=\"https:\/\/sinprocan.org.br\/wp-content\/uploads\/2024\/12\/WhatsApp-Image-2024-12-03-at-15.20.47-1024x1024.jpeg 1024w, https:\/\/sinprocan.org.br\/wp-content\/uploads\/2024\/12\/WhatsApp-Image-2024-12-03-at-15.20.47-300x300.jpeg 300w, https:\/\/sinprocan.org.br\/wp-content\/uploads\/2024\/12\/WhatsApp-Image-2024-12-03-at-15.20.47-150x150.jpeg 150w, https:\/\/sinprocan.org.br\/wp-content\/uploads\/2024\/12\/WhatsApp-Image-2024-12-03-at-15.20.47-768x768.jpeg 768w, https:\/\/sinprocan.org.br\/wp-content\/uploads\/2024\/12\/WhatsApp-Image-2024-12-03-at-15.20.47.jpeg 1080w\" sizes=\"(max-width: 1024px) 100vw, 1024px\" \/><\/figure>\n\n\n\n<figure class=\"wp-block-image size-large\"><img decoding=\"async\" loading=\"lazy\" width=\"1024\" height=\"768\" data-id=\"1216\"  src=\"http:\/\/sinprocan.org.br\/wp-content\/uploads\/2024\/12\/WhatsApp-Image-2024-12-03-at-15.20.48-1024x768.jpeg\" alt=\"\" class=\"wp-image-1216\" srcset=\"https:\/\/sinprocan.org.br\/wp-content\/uploads\/2024\/12\/WhatsApp-Image-2024-12-03-at-15.20.48-1024x768.jpeg 1024w, https:\/\/sinprocan.org.br\/wp-content\/uploads\/2024\/12\/WhatsApp-Image-2024-12-03-at-15.20.48-300x225.jpeg 300w, https:\/\/sinprocan.org.br\/wp-content\/uploads\/2024\/12\/WhatsApp-Image-2024-12-03-at-15.20.48-768x576.jpeg 768w, https:\/\/sinprocan.org.br\/wp-content\/uploads\/2024\/12\/WhatsApp-Image-2024-12-03-at-15.20.48.jpeg 1080w\" sizes=\"(max-width: 1024px) 100vw, 1024px\" \/><\/figure>\n\n\n\n<figure class=\"wp-block-image size-large\"><img decoding=\"async\" loading=\"lazy\" width=\"769\" height=\"1024\" data-id=\"1217\"  src=\"http:\/\/sinprocan.org.br\/wp-content\/uploads\/2024\/12\/WhatsApp-Image-2024-12-03-at-15.20.59-769x1024.jpeg\" alt=\"\" class=\"wp-image-1217\" srcset=\"https:\/\/sinprocan.org.br\/wp-content\/uploads\/2024\/12\/WhatsApp-Image-2024-12-03-at-15.20.59-769x1024.jpeg 769w, https:\/\/sinprocan.org.br\/wp-content\/uploads\/2024\/12\/WhatsApp-Image-2024-12-03-at-15.20.59-225x300.jpeg 225w, https:\/\/sinprocan.org.br\/wp-content\/uploads\/2024\/12\/WhatsApp-Image-2024-12-03-at-15.20.59-768x1023.jpeg 768w, https:\/\/sinprocan.org.br\/wp-content\/uploads\/2024\/12\/WhatsApp-Image-2024-12-03-at-15.20.59-1153x1536.jpeg 1153w, https:\/\/sinprocan.org.br\/wp-content\/uploads\/2024\/12\/WhatsApp-Image-2024-12-03-at-15.20.59.jpeg 1201w\" sizes=\"(max-width: 769px) 100vw, 769px\" \/><\/figure>\n\n\n\n<figure class=\"wp-block-image size-large\"><img decoding=\"async\" loading=\"lazy\" width=\"769\" height=\"1024\" data-id=\"1218\"  src=\"http:\/\/sinprocan.org.br\/wp-content\/uploads\/2024\/12\/WhatsApp-Image-2024-12-03-at-15.21.00-1-769x1024.jpeg\" alt=\"\" class=\"wp-image-1218\" srcset=\"https:\/\/sinprocan.org.br\/wp-content\/uploads\/2024\/12\/WhatsApp-Image-2024-12-03-at-15.21.00-1-769x1024.jpeg 769w, https:\/\/sinprocan.org.br\/wp-content\/uploads\/2024\/12\/WhatsApp-Image-2024-12-03-at-15.21.00-1-225x300.jpeg 225w, https:\/\/sinprocan.org.br\/wp-content\/uploads\/2024\/12\/WhatsApp-Image-2024-12-03-at-15.21.00-1-768x1023.jpeg 768w, https:\/\/sinprocan.org.br\/wp-content\/uploads\/2024\/12\/WhatsApp-Image-2024-12-03-at-15.21.00-1-1153x1536.jpeg 1153w, https:\/\/sinprocan.org.br\/wp-content\/uploads\/2024\/12\/WhatsApp-Image-2024-12-03-at-15.21.00-1.jpeg 1201w\" sizes=\"(max-width: 769px) 100vw, 769px\" \/><\/figure>\n\n\n\n<figure class=\"wp-block-image size-large\"><img decoding=\"async\" loading=\"lazy\" width=\"769\" height=\"1024\" data-id=\"1219\"  src=\"http:\/\/sinprocan.org.br\/wp-content\/uploads\/2024\/12\/WhatsApp-Image-2024-12-03-at-15.21.00-2-769x1024.jpeg\" alt=\"\" class=\"wp-image-1219\" srcset=\"https:\/\/sinprocan.org.br\/wp-content\/uploads\/2024\/12\/WhatsApp-Image-2024-12-03-at-15.21.00-2-769x1024.jpeg 769w, https:\/\/sinprocan.org.br\/wp-content\/uploads\/2024\/12\/WhatsApp-Image-2024-12-03-at-15.21.00-2-225x300.jpeg 225w, https:\/\/sinprocan.org.br\/wp-content\/uploads\/2024\/12\/WhatsApp-Image-2024-12-03-at-15.21.00-2-768x1023.jpeg 768w, https:\/\/sinprocan.org.br\/wp-content\/uploads\/2024\/12\/WhatsApp-Image-2024-12-03-at-15.21.00-2-1153x1536.jpeg 1153w, https:\/\/sinprocan.org.br\/wp-content\/uploads\/2024\/12\/WhatsApp-Image-2024-12-03-at-15.21.00-2.jpeg 1201w\" sizes=\"(max-width: 769px) 100vw, 769px\" \/><\/figure>\n\n\n\n<figure class=\"wp-block-image size-large\"><img decoding=\"async\" loading=\"lazy\" width=\"769\" height=\"1024\" data-id=\"1220\"  src=\"http:\/\/sinprocan.org.br\/wp-content\/uploads\/2024\/12\/WhatsApp-Image-2024-12-03-at-15.21.00-769x1024.jpeg\" alt=\"\" class=\"wp-image-1220\" srcset=\"https:\/\/sinprocan.org.br\/wp-content\/uploads\/2024\/12\/WhatsApp-Image-2024-12-03-at-15.21.00-769x1024.jpeg 769w, https:\/\/sinprocan.org.br\/wp-content\/uploads\/2024\/12\/WhatsApp-Image-2024-12-03-at-15.21.00-225x300.jpeg 225w, https:\/\/sinprocan.org.br\/wp-content\/uploads\/2024\/12\/WhatsApp-Image-2024-12-03-at-15.21.00-768x1023.jpeg 768w, https:\/\/sinprocan.org.br\/wp-content\/uploads\/2024\/12\/WhatsApp-Image-2024-12-03-at-15.21.00-1153x1536.jpeg 1153w, https:\/\/sinprocan.org.br\/wp-content\/uploads\/2024\/12\/WhatsApp-Image-2024-12-03-at-15.21.00.jpeg 1201w\" sizes=\"(max-width: 769px) 100vw, 769px\" \/><\/figure>\n<\/figure>\n","protected":false},"excerpt":{"rendered":"<p>A Pousada de Ver\u00e3o do Sindicato dos Professores de Canoas (SINPROCAN) \u00e9 o ref\u00fagio perfeito para voc\u00ea e sua fam\u00edlia desfrutarem momentos tranquilos, revigorantes e inesquec\u00edveis durante as f\u00e9rias escolares. Pensada com carinho para nossos associados, a pousada oferece conforto, lazer e um ambiente acolhedor, ideal para recarregar as energias e criar mem\u00f3rias especiais. Estrutura [&hellip;]<\/p>\n","protected":false},"author":1,"featured_media":0,"parent":0,"menu_order":0,"comment_status":"closed","ping_status":"closed","template":"","meta":[],"_links":{"self":[{"href":"https:\/\/sinprocan.org.br\/index.php?rest_route=\/wp\/v2\/pages\/1199"}],"collection":[{"href":"https:\/\/sinprocan.org.br\/index.php?rest_route=\/wp\/v2\/pages"}],"about":[{"href":"https:\/\/sinprocan.org.br\/index.php?rest_route=\/wp\/v2\/types\/page"}],"author":[{"embeddable":true,"href":"https:\/\/sinprocan.org.br\/index.php?rest_route=\/wp\/v2\/users\/1"}],"replies":[{"embeddable":true,"href":"https:\/\/sinprocan.org.br\/index.php?rest_route=%2Fwp%2Fv2%2Fcomments&post=1199"}],"version-history":[{"count":5,"href":"https:\/\/sinprocan.org.br\/index.php?rest_route=\/wp\/v2\/pages\/1199\/revisions"}],"predecessor-version":[{"id":1504,"href":"https:\/\/sinprocan.org.br\/index.php?rest_route=\/wp\/v2\/pages\/1199\/revisions\/1504"}],"wp:attachment":[{"href":"https:\/\/sinprocan.org.br\/index.php?rest_route=%2Fwp%2Fv2%2Fmedia&parent=1199"}],"curies":[{"name":"wp","href":"https:\/\/api.w.org\/{rel}","templated":true}]}}