{"id":23,"date":"2020-07-26T20:45:41","date_gmt":"2020-07-26T23:45:41","guid":{"rendered":"http:\/\/sinprocan.org.br\/?page_id=23"},"modified":"2025-02-06T16:07:23","modified_gmt":"2025-02-06T19:07:23","slug":"publicacoes","status":"publish","type":"page","link":"https:\/\/sinprocan.org.br\/?page_id=23","title":{"rendered":"PUBLICA\u00c7\u00d5ES"},"content":{"rendered":"\n<h4>JORNAL DO SINPROCAN &#8211; A VOZ DO PROFESSOR <a href=\"http:\/\/sinprocan.org.br\/?page_id=1371\">>><\/a> <\/h4>\n\n\n\n<p><strong>A Voz do Professor<\/strong> \u00e9 um espa\u00e7o dedicado \u00e0 valoriza\u00e7\u00e3o e express\u00e3o dos educadores. Esse canal busca fortalecer o di\u00e1logo entre professores, sindicato e a comunidade, abordando temas relevantes para a educa\u00e7\u00e3o, os direitos da categoria e as lutas sindicais.<\/p>\n\n\n\n<p>Aqui, voc\u00ea encontrar\u00e1 artigos, entrevistas, not\u00edcias e informa\u00e7\u00f5es que refletem o cotidiano da doc\u00eancia, os desafios enfrentados pelos profissionais da educa\u00e7\u00e3o e as conquistas da categoria. Nosso compromisso \u00e9 amplificar a voz dos professores, promovendo debates, compartilhando informa\u00e7\u00f5es essenciais e incentivando a participa\u00e7\u00e3o ativa na constru\u00e7\u00e3o de um servi\u00e7o p\u00fablico educacional de qualidade, com a real valoriza\u00e7\u00e3o da profiss\u00e3o.<\/p>\n\n\n\n<p><\/p>\n\n\n\n<h4>PUBLICA\u00c7\u00d5ES DO CONSELHO MUNICIPAL DE EDUCA\u00c7\u00c3O &#8211; CME <a href=\"http:\/\/sinprocan.org.br\/?page_id=1335\">>><\/a><\/h4>\n","protected":false},"excerpt":{"rendered":"<p>JORNAL DO SINPROCAN &#8211; A VOZ DO PROFESSOR >> A Voz do Professor \u00e9 um espa\u00e7o dedicado \u00e0 valoriza\u00e7\u00e3o e express\u00e3o dos educadores. Esse canal busca fortalecer o di\u00e1logo entre professores, sindicato e a comunidade, abordando temas relevantes para a educa\u00e7\u00e3o, os direitos da categoria e as lutas sindicais. Aqui, voc\u00ea encontrar\u00e1 artigos, entrevistas, not\u00edcias [&hellip;]<\/p>\n","protected":false},"author":1,"featured_media":0,"parent":0,"menu_order":0,"comment_status":"closed","ping_status":"closed","template":"","meta":[],"_links":{"self":[{"href":"https:\/\/sinprocan.org.br\/index.php?rest_route=\/wp\/v2\/pages\/23"}],"collection":[{"href":"https:\/\/sinprocan.org.br\/index.php?rest_route=\/wp\/v2\/pages"}],"about":[{"href":"https:\/\/sinprocan.org.br\/index.php?rest_route=\/wp\/v2\/types\/page"}],"author":[{"embeddable":true,"href":"https:\/\/sinprocan.org.br\/index.php?rest_route=\/wp\/v2\/users\/1"}],"replies":[{"embeddable":true,"href":"https:\/\/sinprocan.org.br\/index.php?rest_route=%2Fwp%2Fv2%2Fcomments&post=23"}],"version-history":[{"count":3,"href":"https:\/\/sinprocan.org.br\/index.php?rest_route=\/wp\/v2\/pages\/23\/revisions"}],"predecessor-version":[{"id":1375,"href":"https:\/\/sinprocan.org.br\/index.php?rest_route=\/wp\/v2\/pages\/23\/revisions\/1375"}],"wp:attachment":[{"href":"https:\/\/sinprocan.org.br\/index.php?rest_route=%2Fwp%2Fv2%2Fmedia&parent=23"}],"curies":[{"name":"wp","href":"https:\/\/api.w.org\/{rel}","templated":true}]}}