{"id":343,"date":"2023-03-21T16:20:21","date_gmt":"2023-03-21T19:20:21","guid":{"rendered":"http:\/\/sinprocan.org.br\/?page_id=343"},"modified":"2024-03-07T17:24:30","modified_gmt":"2024-03-07T20:24:30","slug":"venha-fazer-parte-desta-luta","status":"publish","type":"page","link":"https:\/\/sinprocan.org.br\/?page_id=343","title":{"rendered":"Venha fazer parte desta luta!"},"content":{"rendered":"<div data-colibri-id=\"343-c1\" class=\"style-316 style-local-343-c1 position-relative\">\n  <!---->\n  <div data-colibri-component=\"section\" data-colibri-id=\"343-c2\" id=\"initial-content\" class=\"h-section h-section-global-spacing d-flex align-items-lg-center align-items-md-center align-items-center style-317 style-local-343-c2 position-relative\">\n    <!---->\n    <!---->\n    <div class=\"h-section-grid-container h-section-boxed-container\">\n      <!---->\n      <div data-colibri-id=\"343-c3\" class=\"h-row-container gutters-row-lg-2 gutters-row-md-2 gutters-row-0 gutters-row-v-lg-2 gutters-row-v-md-2 gutters-row-v-2 style-318 style-local-343-c3 position-relative\">\n        <!---->\n        <div class=\"h-row justify-content-lg-center justify-content-md-center justify-content-center align-items-lg-stretch align-items-md-stretch align-items-stretch gutters-col-lg-2 gutters-col-md-2 gutters-col-0 gutters-col-v-lg-2 gutters-col-v-md-2 gutters-col-v-2\">\n          <!---->\n          <div class=\"h-column h-column-container d-flex h-col-lg-auto h-col-md-auto h-col-auto style-319-outer style-local-343-c4-outer\">\n            <div data-colibri-id=\"343-c4\" class=\"d-flex h-flex-basis h-column__inner h-px-lg-2 h-px-md-2 h-px-2 v-inner-lg-2 v-inner-md-2 v-inner-2 style-319 style-local-343-c4 position-relative\">\n              <!---->\n              <!---->\n              <div class=\"w-100 h-y-container h-column__content h-column__v-align flex-basis-100 align-self-lg-start align-self-md-start align-self-start\">\n                <!---->\n                <div data-colibri-id=\"343-c5\" class=\"style-320 style-local-343-c5 position-relative h-element\">\n                  <!---->\n                  <div>\n                    \n                    <p>O Sindicato dos Profissionais em Educa\u00e7\u00e3o Municipal de Canoas &#8211; SINPROCAN &#8211; tem como objetivo a mobiliza\u00e7\u00e3o de sua categoria no enfrentamento com a Administra\u00e7\u00e3o Municipal, na defesa de seus direitos e conquistas, bem como na reivindica\u00e7\u00e3o\n                      de novos avan\u00e7os que valorizem e estimulem os professores e os profissionais da educa\u00e7\u00e3o no seu fazer.<\/p>\n                    \n\n                    \n                    <p><\/p>\n                    \n\n                    \n                    <h3 class=\"has-text-align-center\"><strong>Confira alguns dos benef\u00edcios e vantagens em ser associado do SINPROCAN:<\/strong><\/h3>\n                    \n\n                    \n                    <p><\/p>\n                    \n\n                    \n                    <ol>\n                      \n                      <li><strong>Direitos dos trabalhadores: <\/strong>o SINPROCAN \u00e9 a \u00fanica entidade que realmente enfrenta o Executivo e o Legislativo para garantir a manuten\u00e7\u00e3o e o cumprimento dos direitos dos profissionais e que novos benef\u00edcios possam\n                        ser integrados ao Plano de Carreira dos Servidores Municipais;<\/li>\n                      \n\n                      \n                      <li><strong>Reivindica\u00e7\u00f5es de classe: <\/strong>o SINPROCAN atua constantemente pela reivindica\u00e7\u00e3o de melhorias laborais para a categoria, assegurando que as condi\u00e7\u00f5es de trabalho sejam cumpridas para garantir o pleno exerc\u00edcio das profiss\u00f5es\n                        na educa\u00e7\u00e3o;<\/li>\n                      \n\n                      \n                      <li><strong>Valoriza\u00e7\u00e3o da categoria:<\/strong> o SINPROCAN trabalha arduamente para que os profissionais em educa\u00e7\u00e3o sejam valorizados e contemplados com servi\u00e7os e benef\u00edcios que qualifiquem o trabalhador e, consequentemente, reflita\n                        no seu bem-estar e no desempenho escolar do estudante;<\/li>\n                      \n\n                      \n                      <li><strong>Grupos de atividades:<\/strong> o SINPROCAN disp\u00f5e de espa\u00e7o para a realiza\u00e7\u00e3o de atividades de integra\u00e7\u00e3o e forma\u00e7\u00e3o. Al\u00e9m disso, estimula a cria\u00e7\u00e3o de grupos para conviv\u00eancia e lazer, com sa\u00eddas e passeios e reuni\u00f5es para\n                        pr\u00e1ticas manuais;<\/li>\n                      \n\n                      \n                      <li><strong>Pousada de veraneio:<\/strong> o SINPROCAN possui \u00e0 disposi\u00e7\u00e3o dos associados uma pousada para veraneio em Quint\u00e3o, que foi totalmente reformada e revitalizada em 2022. O espa\u00e7o \u00e9 destinado ao lazer e descanso dos funcion\u00e1rios\n                        e seus familiares;<\/li>\n                      \n\n                      \n                      <li><strong>Apoio administrativo:<\/strong> os associados possuem \u00e0 disposi\u00e7\u00e3o diversos servi\u00e7os administrativos, que s\u00e3o realizados na sede do SINPROCAN. Dentre eles, os servidores podem solicitar impress\u00f5es e c\u00f3pias de documentos e\n                        comprovantes trabalhistas, al\u00e9m sanar d\u00favidas sobre as atividades da categoria;<\/li>\n                      \n\n                      \n                      <li><strong>Conv\u00eanios:<\/strong> o SINPROCAN firmou parcerias e conv\u00eanio com diversas empresas e servi\u00e7os para oferecer o melhor atendimento e o aprimoramento profissional dos contribuintes. Entre em contato e confira os benef\u00edcios dos\n                        associados;<\/li>\n                      \n\n                      \n                      <li><strong>Consultoria jur\u00eddica:<\/strong> o SINPROCAN oferece consultoria jur\u00eddica para as situa\u00e7\u00f5es trabalhistas envolvendo o servidor p\u00fablico e o Executivo. Al\u00e9m disso, o sindicato busca, atrav\u00e9s de medidas e a\u00e7\u00f5es judiciais e extrajudiciais,\n                        reivindicar o cumprimento dos direitos dos funcion\u00e1rios p\u00fablicos e os deveres da Prefeitura Municipal perante o funcionalismo;<\/li>\n                      \n\n                      \n                      <li><strong>Assessoria cont\u00e1bil: <\/strong>os servidores associados tamb\u00e9m possuem \u00e0 disposi\u00e7\u00e3o assessoria cont\u00e1bil para situa\u00e7\u00f5es trabalhistas e de Declara\u00e7\u00e3o de Imposto de Renda.<\/li>\n                      \n                    <\/ol>\n                    \n\n                    \n                    <figure class=\"wp-block-image aligncenter size-large is-resized\">\n                      <img decoding=\"async\" loading=\"lazy\" src=\"http:\/\/sinprocan.org.br\/wp-content\/uploads\/2024\/03\/Navy-and-Yellow-memphis-Taking-A-Break-Instagram-Post-e1709841282659-1024x514.png\" alt=\"\" class=\"wp-image-1051\" width=\"-111\" height=\"-55\" srcset=\"https:\/\/sinprocan.org.br\/wp-content\/uploads\/2024\/03\/Navy-and-Yellow-memphis-Taking-A-Break-Instagram-Post-e1709841282659-1024x514.png 1024w, https:\/\/sinprocan.org.br\/wp-content\/uploads\/2024\/03\/Navy-and-Yellow-memphis-Taking-A-Break-Instagram-Post-e1709841282659-300x151.png 300w, https:\/\/sinprocan.org.br\/wp-content\/uploads\/2024\/03\/Navy-and-Yellow-memphis-Taking-A-Break-Instagram-Post-e1709841282659-768x385.png 768w, https:\/\/sinprocan.org.br\/wp-content\/uploads\/2024\/03\/Navy-and-Yellow-memphis-Taking-A-Break-Instagram-Post-e1709841282659.png 1080w\" sizes=\"(max-width: 1024px) 100vw, 1024px\" \/>\n                    <\/figure>\n                    \n\n                    \n                    <div class=\"is-content-justification-center is-layout-flex wp-container-1 wp-block-buttons\">\n                      \n                      <div class=\"wp-block-button is-style-fill\">\n                        <a class=\"wp-block-button__link wp-element-button\" href=\"http:\/\/sinprocan.org.br\/wp-content\/uploads\/2024\/03\/Ficha-de-Sindicalizacao.doc\">CLIQUE AQUI E BAIXE A FICHA DE SINDICALIZA\u00c7\u00c3O<\/a>\n                      <\/div>\n                      \n                    <\/div>\n                    \n\n                    \n                    <p>Para mais informa\u00e7\u00f5es, os interessados podem entrar em contato com o Sindicato atrav\u00e9s do telefone (51) 3476-4033, pelo e-mail\n                      <a href=\"mailto:contatosinprocan@gmail.com\">contatosinprocan@gmail.com<\/a>, ou presencialmente na sede do SINPROCAN, que fica Rua 15 de Janeiro, n\u00famero 121, sala 203, no Centro de Canoas, de segunda a sexta-feira, das 8h \u00e0s 18h.<\/p>\n                    \n                  <\/div>\n                <\/div>\n              <\/div>\n            <\/div>\n          <\/div>\n        <\/div>\n      <\/div>\n    <\/div>\n  <\/div>\n<\/div>","protected":false},"excerpt":{"rendered":"<p>O Sindicato dos Profissionais em Educa\u00e7\u00e3o Municipal de Canoas &#8211; SINPROCAN &#8211; tem como objetivo a mobiliza\u00e7\u00e3o de sua categoria no enfrentamento com a Administra\u00e7\u00e3o Municipal, na defesa de seus direitos e conquistas, bem como na reivindica\u00e7\u00e3o de novos avan\u00e7os que valorizem e estimulem os professores e os profissionais da educa\u00e7\u00e3o no seu fazer. Confira [&hellip;]<\/p>\n","protected":false},"author":1,"featured_media":0,"parent":0,"menu_order":0,"comment_status":"closed","ping_status":"closed","template":"page-templates\/full-width-page.php","meta":[],"_links":{"self":[{"href":"https:\/\/sinprocan.org.br\/index.php?rest_route=\/wp\/v2\/pages\/343"}],"collection":[{"href":"https:\/\/sinprocan.org.br\/index.php?rest_route=\/wp\/v2\/pages"}],"about":[{"href":"https:\/\/sinprocan.org.br\/index.php?rest_route=\/wp\/v2\/types\/page"}],"author":[{"embeddable":true,"href":"https:\/\/sinprocan.org.br\/index.php?rest_route=\/wp\/v2\/users\/1"}],"replies":[{"embeddable":true,"href":"https:\/\/sinprocan.org.br\/index.php?rest_route=%2Fwp%2Fv2%2Fcomments&post=343"}],"version-history":[{"count":8,"href":"https:\/\/sinprocan.org.br\/index.php?rest_route=\/wp\/v2\/pages\/343\/revisions"}],"predecessor-version":[{"id":1073,"href":"https:\/\/sinprocan.org.br\/index.php?rest_route=\/wp\/v2\/pages\/343\/revisions\/1073"}],"wp:attachment":[{"href":"https:\/\/sinprocan.org.br\/index.php?rest_route=%2Fwp%2Fv2%2Fmedia&parent=343"}],"curies":[{"name":"wp","href":"https:\/\/api.w.org\/{rel}","templated":true}]}}